on factor of 143 and f?
13
Let j be (0 - 2) + (0 - 1). Let i(k) = -k**3 - 2*k**2 - 2*k - 4. Let r be i(j). Let x = 106 + r. Calculate the greatest common factor of 13 and x.
13
Let l = 147 - 75. Let g = 10 - 2. What is the highest common divisor of l and g?
8
Let v(k) = 5*k - 60. Let t be v(13). Calculate the highest common divisor of t and 95.
5
Let x(l) = -l**3 - 6*l**2 - 3*l + 4. Let m be x(-5). Let t = m - -12. Suppose 12*a + 30 = 14*a. What is the greatest common factor of a and t?
3
Suppose 10 = -5*b + 30. Suppose -b*s = -p, 0*s + 5*s = 2*p - 9. Calculate the greatest common divisor of 18 and p.
6
Suppose -14 - 114 = -4*i. Calculate the highest common factor of 24 and i.
8
Suppose k + 3 = -4*v + 5, -k = 3*v - 1. Calculate the greatest common factor of v and 8.
1
Suppose -15 = 5*w - 75. Suppose d = 3*d - 3*o - w, 44 = 3*d + 2*o. What is the highest common divisor of 24 and d?
12
Suppose -5*d + x - 47 + 16 = 0, 0 = d - 4*x - 9. Let l = d + 14. What is the highest common divisor of l and 28?
7
Let y be 1 + (0/4 - (-68)/4). Suppose -4*f - 16 = -0, -12 = 4*q + 5*f. Calculate the greatest common divisor of q and y.
2
Let w = 45 + 11. Calculate the highest common divisor of 7 and w.
7
Let h be ((-12)/5)/(3 + (-282)/90). Calculate the greatest common divisor of h and 27.
9
Let f(m) = 10*m**2 - m + 7. Let v be f(-4). Calculate the greatest common divisor of v and 19.
19
Suppose -3*m = -6 - 15. Calculate the highest common divisor of m and 56.
7
Let a(q) = -4*q + 2. Let v be a(-4). What is the highest common divisor of 12 and v?
6
Let t be (-1)/(-8) - 15/(-8). What is the greatest common factor of 22 and t?
2
Let c = -4 + 6. Suppose k - c*k + 5 = 0. What is the greatest common factor of k and 40?
5
Let p(z) = z**2 - 3*z - 18. Let c be p(10). Suppose 5*u - 208 = -3. Let m = -28 + u. What is the greatest common divisor of c and m?
13
Let u(t) = -t**3 - 7*t**2 + 13*t. Let h = -27 - -18. Let k be u(h). What is the highest common factor of k and 18?
9
Let w be -1*(-1 + 1 - (18 - 10)). Calculate the greatest common divisor of w and 88.
8
Suppose -4*d + 2*y + 30 = 0, d - 2*y - 16 + 1 = 0. Let k(j) = 2*j**3 - 8*j**2 + 5*j - 3. Let q be k(d). Calculate the highest common factor of 9 and q.
9
Let i(a) = -a**2 + 8*a - 5. Let w be i(6). Let x be 2/w + (-19)/(-7). Suppose -300 = -2*z - x*z. Calculate the greatest common factor of z and 20.
20
Let r(k) = -2*k**2 + 0*k + 4*k + 4*k**2 + 4*k**2. Let i be r(3). Let l = -9 - -15. Calculate the highest common factor of l and i.
6
Let g be 118 + 4/(-12)*-9. Calculate the greatest common divisor of g and 11.
11
Suppose 271 = 5*q - 109. Let m = 3 + -3. Suppose -r + 11 + 8 = m. What is the greatest common divisor of r and q?
19
Let u(g) = -g**2 - 5*g + 1. Suppose -4*c + 28 = -3*s, 5*c - 8 = -2*s + 4. Let l be u(s). Calculate the greatest common factor of l and 2.
1
Suppose 0*v = v, 0 = c - 5*v - 196. Calculate the greatest common factor of 28 and c.
28
Let o = -25 + 38. Let s be (-56)/(-21)*3/(-2). Let p be 39/(2*s/(-8)). Calculate the highest common factor of p and o.
13
Let a(y) = -y**3 - 10*y**2 + 9*y - 20. Let v be a(-11). Calculate the highest common factor of v and 18.
2
Let c = 7 + -5. Let h(b) = 7*b - 27. Let x be h(6). Suppose s = -c*s + x. Calculate the highest common factor of 5 and s.
5
Suppose -168 = -33*p + 31*p. Calculate the highest common factor of p and 56.
28
Let t(a) = a. Let y be t(0). Suppose 0 = -5*c + 25, 9*v - 4*v - 2*c - 20 = y. What is the highest common divisor of v and 48?
6
Let x(i) = -i**3 - 5*i**2 + 10*i + 8. Suppose u = 5*m + 2, 4*u - 2*m = u + 45. Let j = 10 - u. Let t be x(j). What is the greatest common divisor of t and 90?
18
Let f = 1 + 31. Let h(b) = 2*b**2. Let l be h(2). Calculate the highest common factor of l and f.
8
Let k = -119 + 63. Let q be k/6*6/(-4). What is the highest common factor of 154 and q?
14
Let u(q) = -5*q - 14. Let o be u(-12). Suppose -2*n + o = -0*n. What is the greatest common divisor of 207 and n?
23
Let m = -13 - -40. Suppose 0*l + 4*l = 72. Calculate the greatest common factor of l and m.
9
Suppose 64 - 132 = -b. What is the highest common divisor of b and 17?
17
Suppose 0 = 3*d - 214 + 46. Suppose -5*j = -0*j - 5*n - 30, -4*j = n - 34. Suppose 3*q = -j + 32. Calculate the greatest common factor of d and q.
8
Suppose -m = 4*m - 10. Suppose 0 = 5*s - 20, 0 = m*p - 4*p + 5*s + 14. Calculate the highest common factor of 119 and p.
17
Let v = -2 - -28. Calculate the greatest common factor of v and 65.
13
Suppose 4*l = -2*a + 9 + 11, -3*l - 15 = 0. Let n(h) = -2*h + 50. Let v be n(0). What is the highest common factor of a and v?
10
Suppose d - 2 - 1 = 0. Suppose 5*r - 65 = -5*a, 7*a - d*r - 65 = 2*a. What is the greatest common factor of a and 104?
13
Let a be (-472)/(-18) + (-11)/(297/6). Calculate the highest common divisor of 78 and a.
26
Let m = 12 + -6. Let q be (-18)/12*(-44)/m. What is the greatest common factor of q and 121?
11
Let n = 4 + 2. Let w be 2*(-3)/n*-5. Let t = w + -3. Calculate the greatest common divisor of t and 2.
2
Let m(o) = o**3 + 6*o**2 + 4*o + 2. Let c be m(-4). Let v = -9 + c. Let q be 3/4 - (-354)/8. What is the highest common divisor of v and q?
9
Suppose -76 = -0*n - 19*n. Let a = -21 + 29. Calculate the highest common divisor of a and n.
4
Suppose 0 = -2*a + 6*a - 96. Suppose -5*h + 2*s = -h - 30, -3*s = -4*h + 33. What is the highest common divisor of h and a?
6
Let k(v) = -4*v - 15. Let a be k(-9). Calculate the highest common divisor of a and 21.
21
Let m(o) = -18*o + 1. Let x be m(-1). Let t = -11 + x. What is the highest common factor of 72 and t?
8
Suppose f + 16 = 4*k - f, -4*k - 2*f = 0. Suppose p = k*i - 0*i - 17, 4*p - 4 = 0. Let u = 197 - 98. Calculate the highest common divisor of i and u.
9
Let x = 6 + 3. Suppose -2*k = -x - 1. What is the highest common divisor of 45 and k?
5
Let d be 59/5 - 1/(-5). What is the greatest common factor of d and 18?
6
Suppose 123 = 5*v - 117. Suppose v = -0*p + 4*p. Suppose g = 4*f + 68, 5 + 0 = -f. What is the highest common divisor of g and p?
12
Let v be (-3 - -3) + -1 + 14. Suppose -n - 3*g + 26 = 0, -2*n - 4*g = -v - 37. Let a = 144 - n. Calculate the greatest common factor of a and 11.
11
Suppose o - 4*o = -51. Let u = o - -63. What is the highest common divisor of 32 and u?
16
Let b = 36 + -31. Calculate the greatest common divisor of 1 and b.
1
Suppose -99 = -6*m + 33. What is the highest common factor of m and 55?
11
Let f(n) = -n**3 - 14*n**2 + n + 16. Let c be f(-14). Suppose -9 = -5*a + c*w + 50, w = -3*a + 42. Calculate the greatest common factor of 65 and a.
13
Suppose 2*g - 5*m - 27 = -2*g, g - 2*m - 9 = 0. Suppose 0 = -4*a - 0*a. Suppose -1 = -a*q - q. Calculate the highest common divisor of g and q.
1
Suppose -2*h - 8 = 0, -h - 57 = -2*l + 97. What is the greatest common divisor of 30 and l?
15
Suppose -3*b = 2*u + 2*b - 35, -2*b - 10 = 0. Let c(k) = k**2 - k + 3. Let l be c(0). What is the greatest common divisor of l and u?
3
Suppose 4*c - 99 = -5*x, c - 2*x - 6 - 9 = 0. What is the greatest common factor of 84 and c?
21
Suppose 5*u = 44 + 36. Let z = 3 + u. What is the greatest common divisor of z and 38?
19
Let x(a) = -a**3 - 7*a**2 - 3*a - 6. Let p be x(-7). Let c = 7 - 4. What is the greatest common divisor of p and c?
3
Let b(h) = -5*h - 12. Let y be b(-12). What is the greatest common factor of y and 6?
6
Let m(h) = 13*h**2 - h - 9. Let w be m(-4). Calculate the greatest common factor of w and 29.
29
Let c = -4 + 6. Suppose -3*d + c - 8 = 0. Let l be 15/d*(-2)/3. What is the highest common divisor of 40 and l?
5
Suppose -5*f - s = -345, 5*s = s. Let d = f - 39. Calculate the greatest common factor of 20 and d.
10
Let p(i) = -6*i**2 + 2*i - 5 + 3 - i**3 - i**3. Let u be p(-5). Calculate the greatest common divisor of 11 and u.
11
Let p be (-1)/(-1*1/2). Let n(i) = i - 3. Let u be n(2). Let z = u + 3. Calculate the greatest common factor of p and z.
2
Suppose 12 = 9*t - 6*t. Calculate the greatest common factor of 10 and t.
2
Let x(u) = 20*u + 6. Let c be x(6). Calculate the highest common divisor of c and 18.
18
Suppose 0*f = 5*y + 4*f - 32, y = 3*f + 14. Let t(x) = 7 - x**3 - 5*x + 5 + 4*x + x**2. Let g be t(0). What is the highest common divisor of y a